{"id":305,"date":"2026-01-06T07:59:42","date_gmt":"2026-01-06T07:59:42","guid":{"rendered":"https:\/\/steelblue-donkey-827089.hostingersite.com\/product\/deep-cleanser\/"},"modified":"2026-02-17T20:21:53","modified_gmt":"2026-02-17T20:21:53","slug":"plauku-sampunas-guhl-gaivumas-ir-lengvumas","status":"publish","type":"product","link":"https:\/\/homefamily.lt\/?product=plauku-sampunas-guhl-gaivumas-ir-lengvumas","title":{"rendered":"Plauk\u0173 \u0161amp\u016bnas Guhl \u201eGaivumas ir lengvumas\u201c"},"content":{"rendered":"<p>Normaliems ir riebiems plaukams.<\/p>\n<p>\u0160velniai, bet veiksmingai i\u0161valyk plaukus ir pa\u0161alink perteklin\u012f riebal\u0173 kiek\u012f \u2013 kad kasdien jaustum ilgalaik\u012f gaivum\u0105 ir lengvum\u0105. Skaidrus \u201eGuhl\u201c \u0161amp\u016bnas nuo riebalavimosi su gaivinan\u010dia citrinine melisa ir antioksidaciniu vitaminu C padeda sul\u0117tinti greit\u0105 plauk\u0173 riebalavim\u0105si, nei\u0161sausindamas nei \u0161akn\u0173, nei galiuk\u0173 \u2013 suteikia lengvumo poj\u016bt\u012f.<\/p>\n<p>Kiekvieno plovimo metu m\u0117gaukis gaivinan\u010diu, smulki\u0173 put\u0173 poj\u016b\u010diu ir energizuojan\u010diu aromatu, kuriame dera gaiv\u016bs citrusiniai ir \u0161veln\u016bs g\u0117li\u0173 tonai!<\/p>\n<p>Be silikon\u0173<\/p>\n<p>Be paraben\u0173<\/p>\n<p>Be mikroplastiko<\/p>\n<p>Voki\u0161kas produktas<\/p>\n<div class=\"elementor-element elementor-element-3916045 elementor-widget elementor-widget-heading\" data-id=\"3916045\" data-element_type=\"widget\" data-widget_type=\"heading.default\">\n<div class=\"elementor-widget-container\">\n<pre class=\"elementor-heading-title elementor-size-default\"><\/pre>\n<\/div>\n<\/div>\n","protected":false},"excerpt":{"rendered":"<p>Normaliems ir riebiems plaukams. \u0160velniai, bet veiksmingai i\u0161valyk plaukus ir pa\u0161alink perteklin\u012f riebal\u0173 kiek\u012f \u2013 kad kasdien jaustum ilgalaik\u012f gaivum\u0105 ir lengvum\u0105. Skaidrus \u201eGuhl\u201c \u0161amp\u016bnas nuo riebalavimosi su gaivinan\u010dia citrinine melisa ir antioksidaciniu vitaminu C padeda sul\u0117tinti greit\u0105 plauk\u0173 riebalavim\u0105si, nei\u0161sausindamas nei \u0161akn\u0173, nei galiuk\u0173 \u2013 suteikia lengvumo poj\u016bt\u012f. Kiekvieno plovimo metu m\u0117gaukis gaivinan\u010diu, smulki\u0173 [&hellip;]<\/p>\n","protected":false},"featured_media":2514,"comment_status":"open","ping_status":"closed","template":"","meta":{"_uag_custom_page_level_css":"","site-sidebar-layout":"no-sidebar","site-content-layout":"boxed-container","ast-site-content-layout":"normal-width-container","site-content-style":"boxed","site-sidebar-style":"boxed","ast-global-header-display":"","ast-banner-title-visibility":"","ast-main-header-display":"","ast-hfb-above-header-display":"","ast-hfb-below-header-display":"","ast-hfb-mobile-header-display":"","site-post-title":"","ast-breadcrumbs-content":"","ast-featured-img":"","footer-sml-layout":"","ast-disable-related-posts":"","theme-transparent-header-meta":"default","adv-header-id-meta":"","stick-header-meta":"","header-above-stick-meta":"","header-main-stick-meta":"","header-below-stick-meta":"","astra-migrate-meta-layouts":"set","ast-page-background-enabled":"default","ast-page-background-meta":{"desktop":{"background-color":"","background-image":"","background-repeat":"repeat","background-position":"center center","background-size":"auto","background-attachment":"scroll","background-type":"","background-media":"","overlay-type":"","overlay-color":"","overlay-opacity":"","overlay-gradient":""},"tablet":{"background-color":"","background-image":"","background-repeat":"repeat","background-position":"center center","background-size":"auto","background-attachment":"scroll","background-type":"","background-media":"","overlay-type":"","overlay-color":"","overlay-opacity":"","overlay-gradient":""},"mobile":{"background-color":"","background-image":"","background-repeat":"repeat","background-position":"center center","background-size":"auto","background-attachment":"scroll","background-type":"","background-media":"","overlay-type":"","overlay-color":"","overlay-opacity":"","overlay-gradient":""}},"ast-content-background-meta":{"desktop":{"background-color":"var(--ast-global-color-5)","background-image":"","background-repeat":"repeat","background-position":"center center","background-size":"auto","background-attachment":"scroll","background-type":"","background-media":"","overlay-type":"","overlay-color":"","overlay-opacity":"","overlay-gradient":""},"tablet":{"background-color":"var(--ast-global-color-5)","background-image":"","background-repeat":"repeat","background-position":"center center","background-size":"auto","background-attachment":"scroll","background-type":"","background-media":"","overlay-type":"","overlay-color":"","overlay-opacity":"","overlay-gradient":""},"mobile":{"background-color":"var(--ast-global-color-5)","background-image":"","background-repeat":"repeat","background-position":"center center","background-size":"auto","background-attachment":"scroll","background-type":"","background-media":"","overlay-type":"","overlay-color":"","overlay-opacity":"","overlay-gradient":""}}},"product_brand":[41],"product_cat":[40],"product_tag":[],"class_list":{"0":"post-305","1":"product","2":"type-product","3":"status-publish","4":"has-post-thumbnail","6":"product_brand-guhl","7":"product_cat-plaukams","8":"desktop-align-left","9":"tablet-align-left","10":"mobile-align-left","12":"first","13":"instock","14":"shipping-taxable","15":"purchasable","16":"product-type-simple"},"uagb_featured_image_src":{"full":["https:\/\/homefamily.lt\/wp-content\/uploads\/2026\/01\/00-390449-2029012623-cho1oOYH.jpg",1600,1600,false],"thumbnail":["https:\/\/homefamily.lt\/wp-content\/uploads\/2026\/01\/00-390449-2029012623-cho1oOYH-150x150.jpg",150,150,true],"medium":["https:\/\/homefamily.lt\/wp-content\/uploads\/2026\/01\/00-390449-2029012623-cho1oOYH-300x300.jpg",300,300,true],"medium_large":["https:\/\/homefamily.lt\/wp-content\/uploads\/2026\/01\/00-390449-2029012623-cho1oOYH-768x768.jpg",768,768,true],"large":["https:\/\/homefamily.lt\/wp-content\/uploads\/2026\/01\/00-390449-2029012623-cho1oOYH-1024x1024.jpg",1024,1024,true],"1536x1536":["https:\/\/homefamily.lt\/wp-content\/uploads\/2026\/01\/00-390449-2029012623-cho1oOYH-1536x1536.jpg",1536,1536,true],"2048x2048":["https:\/\/homefamily.lt\/wp-content\/uploads\/2026\/01\/00-390449-2029012623-cho1oOYH.jpg",1600,1600,false],"woocommerce_thumbnail":["https:\/\/homefamily.lt\/wp-content\/uploads\/2026\/01\/00-390449-2029012623-cho1oOYH-300x300.jpg",300,300,true],"woocommerce_single":["https:\/\/homefamily.lt\/wp-content\/uploads\/2026\/01\/00-390449-2029012623-cho1oOYH-600x600.jpg",600,600,true],"woocommerce_gallery_thumbnail":["https:\/\/homefamily.lt\/wp-content\/uploads\/2026\/01\/00-390449-2029012623-cho1oOYH-100x100.jpg",100,100,true]},"uagb_author_info":{"display_name":"homeandfamily.shop13@gmail.com","author_link":"https:\/\/homefamily.lt\/?author=0"},"uagb_comment_info":0,"uagb_excerpt":"Normaliems ir riebiems plaukams. \u0160velniai, bet veiksmingai i\u0161valyk plaukus ir pa\u0161alink perteklin\u012f riebal\u0173 kiek\u012f \u2013 kad kasdien jaustum ilgalaik\u012f gaivum\u0105 ir lengvum\u0105. Skaidrus \u201eGuhl\u201c \u0161amp\u016bnas nuo riebalavimosi su gaivinan\u010dia citrinine melisa ir antioksidaciniu vitaminu C padeda sul\u0117tinti greit\u0105 plauk\u0173 riebalavim\u0105si, nei\u0161sausindamas nei \u0161akn\u0173, nei galiuk\u0173 \u2013 suteikia lengvumo poj\u016bt\u012f. Kiekvieno plovimo metu m\u0117gaukis gaivinan\u010diu, smulki\u0173&hellip;","_links":{"self":[{"href":"https:\/\/homefamily.lt\/index.php?rest_route=\/wp\/v2\/product\/305","targetHints":{"allow":["GET"]}}],"collection":[{"href":"https:\/\/homefamily.lt\/index.php?rest_route=\/wp\/v2\/product"}],"about":[{"href":"https:\/\/homefamily.lt\/index.php?rest_route=\/wp\/v2\/types\/product"}],"replies":[{"embeddable":true,"href":"https:\/\/homefamily.lt\/index.php?rest_route=%2Fwp%2Fv2%2Fcomments&post=305"}],"wp:featuredmedia":[{"embeddable":true,"href":"https:\/\/homefamily.lt\/index.php?rest_route=\/wp\/v2\/media\/2514"}],"wp:attachment":[{"href":"https:\/\/homefamily.lt\/index.php?rest_route=%2Fwp%2Fv2%2Fmedia&parent=305"}],"wp:term":[{"taxonomy":"product_brand","embeddable":true,"href":"https:\/\/homefamily.lt\/index.php?rest_route=%2Fwp%2Fv2%2Fproduct_brand&post=305"},{"taxonomy":"product_cat","embeddable":true,"href":"https:\/\/homefamily.lt\/index.php?rest_route=%2Fwp%2Fv2%2Fproduct_cat&post=305"},{"taxonomy":"product_tag","embeddable":true,"href":"https:\/\/homefamily.lt\/index.php?rest_route=%2Fwp%2Fv2%2Fproduct_tag&post=305"}],"curies":[{"name":"wp","href":"https:\/\/api.w.org\/{rel}","templated":true}]}}