{"id":2557,"date":"2026-01-28T17:28:40","date_gmt":"2026-01-28T17:28:40","guid":{"rendered":"https:\/\/homefamily.lt\/?post_type=product&#038;p=2557"},"modified":"2026-02-17T20:21:53","modified_gmt":"2026-02-17T20:21:53","slug":"kondicionierius-kauke-guhl","status":"publish","type":"product","link":"https:\/\/homefamily.lt\/?product=kondicionierius-kauke-guhl","title":{"rendered":"Kondicionierius-kauk\u0117 Guhl"},"content":{"rendered":"<p data-start=\"0\" data-end=\"35\">\u0160is prakti\u0161kas <strong data-start=\"52\" data-end=\"72\">2-in-1 produktas<\/strong> gali b\u016bti naudojamas kaip <strong data-start=\"99\" data-end=\"118\">kondicionierius<\/strong> lengvam prie\u017ei\u016bros efektui arba kaip <strong data-start=\"156\" data-end=\"172\">plauk\u0173 kauk\u0117<\/strong> intensyviai prie\u017ei\u016brai. Jis intensyviai puosel\u0117ja plaukus augaliniu keratinu ir mineralais turtingu \u0161alaviju bei kartu neutralizuoja nepageidaujamus geltonus atspalvius \u0161viesiuose ar \u017eiluose plaukuose. Rezultatas \u2013 gra\u017eiai pri\u017ei\u016br\u0117ti, spindin\u010dio \u017evilgesio plaukai.<\/p>\n<p data-start=\"439\" data-end=\"506\"><strong data-start=\"439\" data-end=\"504\">Tinka nat\u016braliems \u0161viesiems, \u0161viesintiems ir \u017eiliems plaukams<\/strong><\/p>\n<ul data-start=\"507\" data-end=\"888\">\n<li data-start=\"507\" data-end=\"564\">\n<p data-start=\"509\" data-end=\"564\">Intensyvi prie\u017ei\u016bra su augaliniu keratinu ir \u0161alaviju<\/p>\n<\/li>\n<li data-start=\"565\" data-end=\"647\">\n<p data-start=\"567\" data-end=\"647\">Violetiniai ir m\u0117lyni pigmentai su kiekvienu naudojimu ma\u017eina gelton\u0105 atspalv\u012f<\/p>\n<\/li>\n<li data-start=\"648\" data-end=\"694\">\n<p data-start=\"650\" data-end=\"694\">Intensyviai maitina neapsunkindamas plauk\u0173<\/p>\n<\/li>\n<li data-start=\"695\" data-end=\"737\">\n<p data-start=\"697\" data-end=\"737\">Suteikia plaukams \u0161velnumo ir glotnumo<\/p>\n<\/li>\n<li data-start=\"738\" data-end=\"780\">\n<p data-start=\"740\" data-end=\"780\">Par\u0161kina \u0161viesi\u0173 ir \u017eil\u0173 plauk\u0173 spalv\u0105<\/p>\n<\/li>\n<li data-start=\"781\" data-end=\"816\">\n<p data-start=\"783\" data-end=\"816\">Perdirbta ir perdirbama pakuot\u0117<\/p>\n<\/li>\n<li data-start=\"817\" data-end=\"841\">\n<p data-start=\"819\" data-end=\"841\">Vegani\u0161kas produktas<\/p>\n<\/li>\n<li data-start=\"842\" data-end=\"888\">\n<p data-start=\"844\" data-end=\"888\">Produktas ir pakuot\u0117 pagaminti Vokietijoje<\/p>\n<\/li>\n<\/ul>\n<p data-start=\"890\" data-end=\"1154\"><strong data-start=\"890\" data-end=\"905\">Naudojimas:<\/strong><br data-start=\"905\" data-end=\"908\" \/><strong data-start=\"908\" data-end=\"932\">Kaip kondicionieri\u0173:<\/strong> \u012fmasa\u017euokite produkt\u0105 \u012f i\u0161plautus plaukus, trumpai palaikykite ir kruop\u0161\u010diai nuskalaukite.<br data-start=\"1023\" data-end=\"1026\" \/><strong data-start=\"1026\" data-end=\"1048\">Kaip plauk\u0173 kauk\u0119:<\/strong> \u012fmasa\u017euokite produkt\u0105 \u012f i\u0161plautus plaukus, palikite veikti <strong data-start=\"1108\" data-end=\"1121\">5 minutes<\/strong>, tuomet kruop\u0161\u010diai nuskalaukite.<\/p>\n<p>Be silikon\u0173<\/p>\n<p>Be paraben\u0173<\/p>\n<p>Be mikroplastiko<\/p>\n<p>Voki\u0161kas produktas<\/p>\n<div class=\"elementor-element elementor-element-3916045 elementor-widget elementor-widget-heading\" data-id=\"3916045\" data-element_type=\"widget\" data-widget_type=\"heading.default\">\n<div class=\"elementor-widget-container\">\n<pre class=\"elementor-heading-title elementor-size-default\"><\/pre>\n<\/div>\n<\/div>\n","protected":false},"excerpt":{"rendered":"<p>\u0160is prakti\u0161kas 2-in-1 produktas gali b\u016bti naudojamas kaip kondicionierius lengvam prie\u017ei\u016bros efektui arba kaip plauk\u0173 kauk\u0117 intensyviai prie\u017ei\u016brai. Jis intensyviai puosel\u0117ja plaukus augaliniu keratinu ir mineralais turtingu \u0161alaviju bei kartu neutralizuoja nepageidaujamus geltonus atspalvius \u0161viesiuose ar \u017eiluose plaukuose. Rezultatas \u2013 gra\u017eiai pri\u017ei\u016br\u0117ti, spindin\u010dio \u017evilgesio plaukai. Tinka nat\u016braliems \u0161viesiems, \u0161viesintiems ir \u017eiliems plaukams Intensyvi prie\u017ei\u016bra su [&hellip;]<\/p>\n","protected":false},"featured_media":2553,"comment_status":"open","ping_status":"closed","template":"","meta":{"_uag_custom_page_level_css":"","site-sidebar-layout":"no-sidebar","site-content-layout":"boxed-container","ast-site-content-layout":"normal-width-container","site-content-style":"boxed","site-sidebar-style":"boxed","ast-global-header-display":"","ast-banner-title-visibility":"","ast-main-header-display":"","ast-hfb-above-header-display":"","ast-hfb-below-header-display":"","ast-hfb-mobile-header-display":"","site-post-title":"","ast-breadcrumbs-content":"","ast-featured-img":"","footer-sml-layout":"","ast-disable-related-posts":"","theme-transparent-header-meta":"default","adv-header-id-meta":"","stick-header-meta":"","header-above-stick-meta":"","header-main-stick-meta":"","header-below-stick-meta":"","astra-migrate-meta-layouts":"set","ast-page-background-enabled":"default","ast-page-background-meta":{"desktop":{"background-color":"","background-image":"","background-repeat":"repeat","background-position":"center center","background-size":"auto","background-attachment":"scroll","background-type":"","background-media":"","overlay-type":"","overlay-color":"","overlay-opacity":"","overlay-gradient":""},"tablet":{"background-color":"","background-image":"","background-repeat":"repeat","background-position":"center center","background-size":"auto","background-attachment":"scroll","background-type":"","background-media":"","overlay-type":"","overlay-color":"","overlay-opacity":"","overlay-gradient":""},"mobile":{"background-color":"","background-image":"","background-repeat":"repeat","background-position":"center center","background-size":"auto","background-attachment":"scroll","background-type":"","background-media":"","overlay-type":"","overlay-color":"","overlay-opacity":"","overlay-gradient":""}},"ast-content-background-meta":{"desktop":{"background-color":"var(--ast-global-color-5)","background-image":"","background-repeat":"repeat","background-position":"center center","background-size":"auto","background-attachment":"scroll","background-type":"","background-media":"","overlay-type":"","overlay-color":"","overlay-opacity":"","overlay-gradient":""},"tablet":{"background-color":"var(--ast-global-color-5)","background-image":"","background-repeat":"repeat","background-position":"center center","background-size":"auto","background-attachment":"scroll","background-type":"","background-media":"","overlay-type":"","overlay-color":"","overlay-opacity":"","overlay-gradient":""},"mobile":{"background-color":"var(--ast-global-color-5)","background-image":"","background-repeat":"repeat","background-position":"center center","background-size":"auto","background-attachment":"scroll","background-type":"","background-media":"","overlay-type":"","overlay-color":"","overlay-opacity":"","overlay-gradient":""}}},"product_brand":[41],"product_cat":[40],"product_tag":[],"class_list":{"0":"post-2557","1":"product","2":"type-product","3":"status-publish","4":"has-post-thumbnail","6":"product_brand-guhl","7":"product_cat-plaukams","8":"desktop-align-left","9":"tablet-align-left","10":"mobile-align-left","12":"first","13":"instock","14":"shipping-taxable","15":"purchasable","16":"product-type-simple"},"uagb_featured_image_src":{"full":["https:\/\/homefamily.lt\/wp-content\/uploads\/2026\/01\/41464_8d45db55.768x768.avif",768,768,false],"thumbnail":["https:\/\/homefamily.lt\/wp-content\/uploads\/2026\/01\/41464_8d45db55.768x768-150x150.avif",150,150,true],"medium":["https:\/\/homefamily.lt\/wp-content\/uploads\/2026\/01\/41464_8d45db55.768x768-300x300.avif",300,300,true],"medium_large":["https:\/\/homefamily.lt\/wp-content\/uploads\/2026\/01\/41464_8d45db55.768x768.avif",768,768,false],"large":["https:\/\/homefamily.lt\/wp-content\/uploads\/2026\/01\/41464_8d45db55.768x768.avif",768,768,false],"1536x1536":["https:\/\/homefamily.lt\/wp-content\/uploads\/2026\/01\/41464_8d45db55.768x768.avif",768,768,false],"2048x2048":["https:\/\/homefamily.lt\/wp-content\/uploads\/2026\/01\/41464_8d45db55.768x768.avif",768,768,false],"woocommerce_thumbnail":["https:\/\/homefamily.lt\/wp-content\/uploads\/2026\/01\/41464_8d45db55.768x768-300x300.avif",300,300,true],"woocommerce_single":["https:\/\/homefamily.lt\/wp-content\/uploads\/2026\/01\/41464_8d45db55.768x768-600x600.avif",600,600,true],"woocommerce_gallery_thumbnail":["https:\/\/homefamily.lt\/wp-content\/uploads\/2026\/01\/41464_8d45db55.768x768-100x100.avif",100,100,true]},"uagb_author_info":{"display_name":"homeandfamily.shop13@gmail.com","author_link":"https:\/\/homefamily.lt\/?author=0"},"uagb_comment_info":0,"uagb_excerpt":"\u0160is prakti\u0161kas 2-in-1 produktas gali b\u016bti naudojamas kaip kondicionierius lengvam prie\u017ei\u016bros efektui arba kaip plauk\u0173 kauk\u0117 intensyviai prie\u017ei\u016brai. Jis intensyviai puosel\u0117ja plaukus augaliniu keratinu ir mineralais turtingu \u0161alaviju bei kartu neutralizuoja nepageidaujamus geltonus atspalvius \u0161viesiuose ar \u017eiluose plaukuose. Rezultatas \u2013 gra\u017eiai pri\u017ei\u016br\u0117ti, spindin\u010dio \u017evilgesio plaukai. Tinka nat\u016braliems \u0161viesiems, \u0161viesintiems ir \u017eiliems plaukams Intensyvi prie\u017ei\u016bra su&hellip;","_links":{"self":[{"href":"https:\/\/homefamily.lt\/index.php?rest_route=\/wp\/v2\/product\/2557","targetHints":{"allow":["GET"]}}],"collection":[{"href":"https:\/\/homefamily.lt\/index.php?rest_route=\/wp\/v2\/product"}],"about":[{"href":"https:\/\/homefamily.lt\/index.php?rest_route=\/wp\/v2\/types\/product"}],"replies":[{"embeddable":true,"href":"https:\/\/homefamily.lt\/index.php?rest_route=%2Fwp%2Fv2%2Fcomments&post=2557"}],"wp:featuredmedia":[{"embeddable":true,"href":"https:\/\/homefamily.lt\/index.php?rest_route=\/wp\/v2\/media\/2553"}],"wp:attachment":[{"href":"https:\/\/homefamily.lt\/index.php?rest_route=%2Fwp%2Fv2%2Fmedia&parent=2557"}],"wp:term":[{"taxonomy":"product_brand","embeddable":true,"href":"https:\/\/homefamily.lt\/index.php?rest_route=%2Fwp%2Fv2%2Fproduct_brand&post=2557"},{"taxonomy":"product_cat","embeddable":true,"href":"https:\/\/homefamily.lt\/index.php?rest_route=%2Fwp%2Fv2%2Fproduct_cat&post=2557"},{"taxonomy":"product_tag","embeddable":true,"href":"https:\/\/homefamily.lt\/index.php?rest_route=%2Fwp%2Fv2%2Fproduct_tag&post=2557"}],"curies":[{"name":"wp","href":"https:\/\/api.w.org\/{rel}","templated":true}]}}